(z) = z**3 + 4*z**2 - 2*z - 3. Let p be ((-82)/(-6))/((-5)/(-15)). Suppose 0 = 4*c - 8*c + 5*k - p, -c - 5*k = -21. Give h(c).
5
Let i(g) = -2 - 5*g + 8*g - g**2 + 2*g. Determine i(6).
-8
Let t be 2/(-5) + 12/5. Let b(u) = -5*u**t - u**3 + 0*u**3 + 0 + 4 - 4*u. Let g be b(-4). Let l(d) = d**3 - 5*d**2 + 5*d - 2. What is l(g)?
2
Let c(h) be the third derivative of -h**6/120 - h**5/10 - h**4/8 - h**3/6 + 71*h**2. Suppose 8 = -4*r - 0*r. Give c(r).
-11
Let l(q) = q**2 - 5*q - 5. Let p be l(6). Let u(x) = 1 + 11 - p - 2 + 2*x. What is u(-8)?
-7
Let p(f) = -f**3 - 7*f**2 - 6*f - 6. Suppose a = -5*x - 41, -3*a - 111 = 2*x - 40. Let y = 15 + a. Calculate p(y).
-6
Let k(a) be the first derivative of 3*a**2/2 + 3*a + 24. Calculate k(-4).
-9
Let c(s) = -2*s + 2*s**2 - 2*s - s**2 + 1. Suppose a - 58 = 3*a - 5*f, -3*a - 133 = 4*f. Let d = 42 + a. Determine c(d).
-2
Let y(v) = -v**2 + v + 16. Let t be y(0). Suppose -f + 5*o + 7 = 0, -37 + t = 5*f + 3*o. Let c(a) be the second derivative of -a**3/6 + a**2 - a. What is c(f)?
5
Let l(j) be the second derivative of j + 2/3*j**3 + 0 + 7/2*j**2 - 1/12*j**4. Determine l(6).
-5
Let r(w) = w + 8. Suppose q + 92 = -5*x, 5*x = -3*q - 37 - 49. Let k = x - -13. What is r(k)?
2
Let q(l) be the third derivative of -l**4/12 + l**3/3 + 17*l**2. Calculate q(6).
-10
Let y(v) be the second derivative of v**4/12 - 7*v**3/6 + 2*v**2 - 14*v. What is y(6)?
-2
Let g be (-16)/6*9/(-6). Let o(y) = 4*y + 1. Let n be o(1). Let r(s) = s**3 - n - 4*s**2 + s + 6 + 0*s**3. Determine r(g).
5
Suppose -4*a = -3*a + v + 2, -5*v + 53 = -4*a. Let o(u) = -u**2 - 7*u - 7. Give o(a).
-7
Let q(w) = 5*w - 8. Let f(t) = -3*t + 5. Let y(h) = -8*f(h) - 5*q(h). Give y(3).
-3
Let l(x) = -x**3 + 5*x**2 - x - 4. Let s(q) = -q**3 - q**2 + 3*q - 4. Let f be s(-3). Give l(f).
-9
Let u(x) = x**3 + 5*x**2 + 2. Let c be u(-5). Let g(i) = i**2 - 2. Let t be g(c). Suppose -t*j = -5*j. Let f(v) = -v**2 + v - 5. Determine f(j).
-5
Let q(b) = b**3 - 3*b**2 - 3*b - 5. Suppose 0 = -0*m + 2*m - 2*j, 4*m + j = 15. Suppose 8 = -d + m*d. Calculate q(d).
-1
Let n(u) = -u + 11 - 16 + 2*u + 17. Let f be (0/1)/((-4)/2). Calculate n(f).
12
Let r(s) be the third derivative of s**5/60 + 7*s**4/24 - 5*s**3/6 + 19*s**2. Calculate r(-7).
-5
Let s(h) = -h**2 + 7*h - 2. Let c be s(8). Let m be ((-12)/20)/(2/c). Suppose -m*l + 10 = -5*l. Let b(w) = -2*w - 5. Determine b(l).
5
Let a(r) be the second derivative of -r**4/12 - r**3 + r**2/2 - 13*r. Calculate a(-6).
1
Let y(c) = -c. Let q(o) = 2*o + 1. Let v(f) = 3*q(f) + 8*y(f). Let x(m) = m**2 + 6*m + 7. Let a be x(-5). What is v(a)?
-1
Let m(u) = u**3 + u**2. Let z(y) = 5*y**3 + 9*y**2 + 3. Let w(v) = -6*m(v) + z(v). Determine w(3).
3
Let b(m) = m**3 - 5*m**2 + 2*m + 2. Let v be 0 - (12/2)/(-2). Let t be 4 - (-4)/4 - v. Give b(t).
-6
Let z(f) be the third derivative of f**7/840 + f**6/120 + f**5/24 + f**4/12 - 5*f**3/6 - 4*f**2. Let u(r) be the first derivative of z(r). Give u(-3).
-13
Let h be 0*(-2)/6*-1. Let s(r) = 3*r + 0*r + h - 1. Determine s(4).
11
Let a(t) = 1 - 4 + 2*t - 4. Suppose f = -0*f - 9. Let p be (-3)/f*6 + 4. Determine a(p).
5
Let q(t) = 9*t + 59 - 51 - t**3 - 10*t**2 + 3*t**2. Calculate q(-8).
0
Let r(h) be the second derivative of h**3/6 + 20*h. Determine r(5).
5
Let v be (-11)/(-3) + (-8)/12. Let r(n) = n - 2 + v*n + n - 2*n. Calculate r(-2).
-8
Let f(s) = -2*s**3 + 2*s**2 + 2. Let z(a) = -a**2 - 4*a - 1. Let n be z(-3). Calculate f(n).
-6
Let u be (-150)/35 + 4/14. Let f(l) be the third derivative of l**5/60 + l**4/12 - l**3/2 - l**2. Calculate f(u).
5
Let s(n) be the first derivative of -10*n**3/3 - n**2 + n - 7. Suppose -6*f + f = -5*w + 25, 4*f + 12 = 0. Let a be ((-1)/(-3))/(w/6). Determine s(a).
-11
Let j(o) = -o**2 - 5*o + 7. Let s(f) = -f**2 - 5*f + 6. Suppose -3*n + a + 0*a - 8 = 0, 4 = -4*n - 2*a. Let u(i) = n*j(i) + 3*s(i). Calculate u(-5).
4
Let f(d) be the second derivative of -d**5/20 - d**4/4 - d**3/2 + 3*d. Let q(j) = -j**2 + 6*j - 3. Let i be q(5). Let g = i - 4. Determine f(g).
2
Let h(m) = 0 + 0 - 2*m. Let w(y) = y - 3. Let n be w(5). Let c be 0 + 0 + -1 - n. Determine h(c).
6
Suppose 4*w - q - 23 = w, -4*w + 4 = 4*q. Let a(s) = s + 1. Let g(z) = -4*z + 1. Let x be ((-12)/(-10))/((-2)/(-5)). Let v(j) = x*a(j) + g(j). What is v(w)?
-2
Let r(i) be the first derivative of i**2/2 + 2*i - 29. What is r(0)?
2
Let t = -4 - -6. Let i(y) = -1 - 2 - 2*y - y + t*y. Determine i(0).
-3
Let m(f) = -f - 3. Let k be m(-5). Suppose 0*w = 2*w - 8. Let n(h) = 0*h**k - 2 + 2*h**2 - w*h**2 + 4*h. What is n(3)?
-8
Suppose 0 = 6*q - 4*q, 3*q = -2*v + 8. Let f(j) be the second derivative of 0 + 0*j**3 + 0*j**2 + 2/3*j**v + 2*j. What is f(1)?
8
Let w(z) be the third derivative of 1/60*z**5 - z**2 + 0 + 1/8*z**4 + 0*z**3 + 0*z. Calculate w(-4).
4
Suppose 4*x = -6 - 2, x = -2*h + 4. Let v(j) be the third derivative of h*j**2 + 1/12*j**4 + 0*j - 1/6*j**3 + 0. Determine v(1).
1
Suppose 5*r + 19 = -2*q, q - 2*r = r - 4. Let f(y) = y**3 + 6*y**2 - 4*y + 3. Determine f(q).
-18
Suppose 2*b = 5*w + 5, b + 5*w + 5 = 2*b. Let n(j) be the third derivative of -j**4/24 + 3*j**3/2 + 11*j**2. Calculate n(b).
9
Let y(v) = v**2 - v + 8. Let m(x) = -x**3 + 4*x**2 + 4*x + 5. Let k = -22 + 27. Let z be m(k). What is y(z)?
8
Let c(p) be the second derivative of p**3/6 + p**2/2 + 2*p + 10. What is c(7)?
8
Let c(i) = -5*i - 3*i**2 + 7 + 3*i**2 + i**2. Let q = -40 + 65. Suppose 3*w + 2*w - q = 0. What is c(w)?
7
Suppose -1 = -5*m - 6. Let d(v) = v**3 + v**2 + v + 1. Give d(m).
0
Suppose 5*u + 4*y = 3*u, y = 3*u - 7. Let q(a) = -6*a - 2. Calculate q(u).
-14
Let j = 11 + -10. Suppose 3*w = -2*w + 4*a + 9, j = -2*w - 3*a. Let t(r) = -r**3 - 2*r**2 + 2*r - 1. Determine t(w).
-2
Let b(j) = -j**3 + 4*j**2 - 5*j + 2. Suppose -h - 4*h = q + 15, -2*q - 5*h - 5 = 0. Suppose -4*k + 3*t + q = -2, -5*k + t + 15 = 0. Determine b(k).
-4
Let h be 40/(-50) - 4/(-5). Let r(w) be the third derivative of 0*w + 3*w**2 + 1/12*w**4 + 1/60*w**5 + 0*w**3 + h. Determine r(-2).
0
Let j be (10*-1)/(-3 + 4). Let i be (-1)/(-2)*j/1. Let n(l) = -3*l - 7. Calculate n(i).
8
Let l(c) = c**2 + 4*c - 2. Suppose -a - 1 = -4. Let p be (-2)/a*9 - -3. Calculate l(p).
-5
Let o = 20 + -26. Let z(s) = 2*s + 5. Calculate z(o).
-7
Suppose -4*a = -3*a + 2. Let j(u) = 2*u + 3*u - 1 - 4*u + 0*u. What is j(a)?
-3
Let p be 2 + -1 - (15 - 6). Let a(q) = 11*q**3 - 14*q**2 + 14*q + 8. Let k(g) = -4*g**3 + 5*g**2 - 5*g - 3. Let h(d) = p*k(d) - 3*a(d). Give h(2).
-4
Let a(r) = r - 2. Let v(c) = -2*c**2 - c + 5. Let m be v(0). What is a(m)?
3
Suppose -y + 2 = 3. Let n(t) = 4*t + 1. Calculate n(y).
-3
Let a(x) = 155 - 78 - x - 80. Calculate a(-8).
5
Let k(h) = h - 3. Let w be 15*-3*1/(-5). Suppose 2*r = -r + w. What is k(r)?
0
Let k(u) = -5*u**2 - 3*u - 5. Let f(t) = 6*t**2 + 3*t + 6. Let m(j) = 3*f(j) + 4*k(j). Give m(-2).
-4
Let g(z) be the second derivative of -z**4/12 + 5*z**3/3 - 6*z**2 - 22*z. Determine g(8).
4
Suppose 0*n + 3*m = -4*n + 1, -5*n - 4*m = -1. Let t(g) = 2*g**2 + 6*g**2 + 5*g**2 - n. Give t(1).
12
Let l(r) = r**2 - 1. Suppose 3*x - 2*k = 4*x + 9, 5*x + k = 0. Let f be 1 + x - 0 - 0. Suppose 0 = f*j - j. What is l(j)?
-1
Let g(r) = -1. Let h(b) = -b**2 - 5*b + 4. Let p(k) = 4*g(k) - h(k). Determine p(-7).
6
Suppose 4 = d - 3. Suppose d - 2 = s. Let u(b) = b**2 + 3 - s*b + 0 - 2. Calculate u(2).
-5
Let p(f) = -2*f**2 - 3*f + 2. Let t be 120/(-55) - 1 - (-4)/22. Determine p(t).
-7
Let w(z) = -z**3 - z**2 + z + 1. Suppose 0 = c - 2*m - m - 25, -3*c + 33 = 5*m. Let u be ((-1)/(-2))/((-4)/c). Calculate w(u).
3
Let i(h) = -4*h + 3. Suppose 29 = 14*b + 1. Give i(b).
-5
Let f = 28 - 25. Let p(c) be the third derivative of -1/24*c**4 - 2*c**2 + c**f + 0 + 0*c. Calculate p(3).
3
Suppose -2*o + 3*o = -5*n - 16, 4*o + 13 = -3*n. Let u(i) = i. Let j(d) = 4*d - 3. Let s(k) = -j(k) + 3*u(k). Give s(n).
6
Let b be (3 - (6 + -4))*-2. Let a(g) = 2*g**2 + g. Determine a(b).
6
Let c be (-1)/(-4) - 38/(-8). Let a be (40/24)/((-2)/(-6)). Let u(m) = -m - a + 4 - 2. What is u(c)?
-8
Let r(y) = y**2 - 3. Let i be (-1)/(3 - (-86)/(-28)). Let t be 2/(3 - i/6). What is r(t)?
6
Let r(q) = q**3 - q**2 - 2. Suppose 0*a + 3*a = 0. Determine r(a).
-2
Let p(s) = s**2 + 3*s + 3. Let x be 41/5 + (-8)/40. Let u = 50